 t be f(-6). Suppose -t = 3*h - 20. What is the units digit of h?
4
Let o(h) = -29*h + 37. What is the hundreds digit of o(-6)?
2
Suppose 0 = -3*d + 3*l + l + 703, 2*l - 715 = -3*d. What is the tens digit of d?
3
What is the units digit of ((-29)/2)/(1/(-2))?
9
Suppose -3 + 1 = -2*q. Let s(a) = 5*a**3 - 2*a**2 + 2*a - 1. What is the units digit of s(q)?
4
Suppose x + 20 = 4*v + 3, 4*v - 14 = -2*x. Suppose 2*l + 12 = 4*w, -16 = -3*w + 4*l + l. Suppose -v*u = -w*u - 10. What is the units digit of u?
5
Let f(y) = y - 3. Let d be f(5). Let a be (-6 - 0)/((-3)/d). What is the units digit of (2/a)/(5/80)?
8
Let l = -11 - -7. Let w = l + 12. What is the units digit of w?
8
Let v = -33 + 64. Let h = v - -13. What is the tens digit of h?
4
What is the units digit of (3 - 6) + (4 - -38)?
9
Let n(v) = 2*v**2 - 7*v + 6. Suppose k = 3*f - 20, 4*f + 5*k = -0*k - 5. What is the tens digit of n(f)?
2
Suppose 4*b + 17 = -3*w, 2*b - 2 = w + 7. Let r = w + 8. What is the units digit of r?
1
Let t be -1 + 3 + 0 + 1. Suppose -2*n + 1 = -2*w - 1, 5*n = -t*w + 5. Let u = 1 - w. What is the units digit of u?
1
Let t be 2/(-1 + 0 - -2). Suppose o - 13 = -t. What is the tens digit of o?
1
What is the tens digit of (0 + (-2)/(-3))*(-219)/(-2)?
7
Suppose -i + 376 = 4*h - 0*i, 4*h - 376 = -3*i. Let f = h - 63. What is the tens digit of f?
3
Let c(y) = -9*y + 2. Let v(h) = -4*h + 1. Let f(j) = -3*c(j) + 7*v(j). What is the units digit of f(-4)?
5
Let f = -3 - -3. Suppose f*x - 15 = -x. What is the tens digit of x?
1
Suppose -y - 31 = -5*n + 2*y, n - 9 = 2*y. Suppose 4*u = 6*u. Let c = n + u. What is the units digit of c?
5
Let v(x) = x**2 - 3*x - 4. Let h(z) = -z**2 - 8*z - 4. Let f be h(-8). What is the tens digit of v(f)?
2
Let c = -4 - -10. Let a(q) = -q**3 + 5*q**2 + 6*q - 2. Let b be a(c). What is the units digit of (-1 - -15)*(-1)/b?
7
Suppose 5 = -3*d + 32. Suppose -r = 5*n + 19, -4*r - d - 10 = n. Let m(a) = a**2 + 4*a + 2. What is the units digit of m(r)?
2
Suppose 0 = 2*m - 871 + 175. What is the hundreds digit of m?
3
Let y be 400/22 - 6/33. What is the units digit of 140/y - 4/(-18)?
8
Let l(k) = 3*k + 1. Let f(n) = n**2 + 5*n - 7. Let t be f(-6). Let q be l(t). What is the units digit of -9*(0 + q/6)?
3
What is the hundreds digit of 1 + -6 + (-2639)/(-13)?
1
Let o(n) = -4*n + 2*n - 4 - 2*n + 5*n. Let s be o(5). Let y = 6 - s. What is the units digit of y?
5
Let d be -4*1*9/6. Let b be d/(-4) - (-2)/4. Suppose -55 = -5*z + b*g + 20, -2*g = 10. What is the tens digit of z?
1
Let k(w) = -w + 3. Let n be k(-5). Suppose -4*b + 24 = 4*r - n, -3*r + 8 = b. What is the units digit of b?
8
What is the tens digit of 870/9 - (-5)/15?
9
Let z(l) = -l**2 + l + 88. What is the tens digit of z(0)?
8
Let q be (-27)/(-2) + 7/(-14). Let n = q - 7. What is the units digit of n?
6
Let f(j) = -j**2 + 10*j - 14. Let s be f(8). Suppose -90 = -5*g + s*t - 0*t, 2*t - 90 = -5*g. What is the units digit of g?
8
Suppose 2*w + w + 12 = 0. Let q be (3/15)/(3/(-60)*-4). Let x = q - w. What is the units digit of x?
5
Let b(t) = -3*t - 6. Let h be b(-4). Let p(j) = h + j**2 + j**3 + 8*j - 2*j + 5*j**2. What is the units digit of p(-5)?
1
Let f be (-122)/18 + (-2)/9. What is the units digit of -12*f*2/8?
1
Let n = 6 - 0. Let i = -4 + n. Suppose 9 = i*x - x. What is the units digit of x?
9
Let o(u) = 11*u + 16. What is the tens digit of o(11)?
3
Let o be 60 + 3/(0 + -1). Suppose 0 = -5*u + 192 - o. What is the tens digit of u?
2
Suppose 2*o - 3*r = -r + 12, 3*o + 3*r - 6 = 0. Suppose -o*y - y = -5*q - 145, 3*y - 92 = -2*q. What is the units digit of y?
0
Suppose -z = -4*h - 13, -z = -6*z + 4*h + 97. Suppose -5*f - 2*v + v = -z, 4 = -v. What is the units digit of f?
5
Suppose -4*p + 216 = 3*u, p + 65 = u - 0*u. What is the units digit of u?
8
Let n be (-4)/10 + (-127)/(-5). Let s = -9 + n. What is the units digit of 25/4 + (-4)/s?
6
Let m(y) = 2*y**2 - 7*y + 4. Suppose 0 = -5*h + 3*h + 10. What is the tens digit of m(h)?
1
Suppose f = 2*q + 5*f - 38, 2*q = f + 28. Suppose y - q = -1. What is the units digit of y?
4
Let q = -14 + 33. What is the units digit of q?
9
Suppose 0 = 4*n + l - 9, -4*n + 4 = 2*l - 2. Suppose 7*q - n*q = 136. What is the tens digit of q?
3
Let f(b) = b**2 - 4*b - 10. Let a be f(-10). Suppose -q = q - a. Suppose -2*j - q = -7*j. What is the units digit of j?
3
Suppose -z + 0*r = -r - 122, 5*r = z - 102. What is the units digit of z?
7
Let y(s) = s + 2. Let f be y(0). Suppose 24 = f*b - 0*b. Let o = -3 + b. What is the units digit of o?
9
Let y(k) = -2 - 1 - 5*k + 2*k. What is the units digit of y(-2)?
3
Suppose a + 4*a = 15. What is the units digit of a?
3
Suppose -n + 12 = 3*b, 6*n - 3*n - 24 = -5*b. Let u be (-8)/(-2) - (b - 1). What is the tens digit of 21/u - 6/(-12)?
1
Let v(c) = c**2 + 4*c + 8. What is the tens digit of v(-6)?
2
Suppose 5*o + y - 79 = 0, -4*o = -6*o - 2*y + 30. What is the units digit of o?
6
Let p(i) = -i**3 - 3*i**2 - 4*i - 4. Let h be p(-3). Let z(y) = y**3 - 7*y**2 - 7*y - 5. Let b be z(h). Let x(a) = 2*a. What is the units digit of x(b)?
6
Let q = 78 + -46. Suppose -4*t - 3*p = -2*t - q, -2*t + 2*p = -42. What is the tens digit of t?
1
Let w(l) be the second derivative of l**4/12 - l**3/3 - 3*l**2/2 + 4*l. Suppose -12 = -2*t + 4*y, -2*y = 5*t - 3*y - 21. What is the units digit of w(t)?
5
Suppose 3*z - 474 - 54 = 0. What is the tens digit of z?
7
Let f(l) be the second derivative of l**4/12 - l**3 - 3*l**2 + l. Let z(m) = m + 1. Let x(b) = f(b) + 2*z(b). What is the units digit of x(6)?
8
Let x = -62 + 13. What is the tens digit of (-14)/x + 332/14?
2
Suppose 4*s = 4*f - 44, 0 = 2*s - f + 6*f + 1. Let x = s - -12. What is the units digit of x?
4
Suppose 2*d - 395 = -3*d. What is the units digit of d?
9
Let q(y) = 2*y**2 + 0*y**2 - 3*y**2. Let r be q(-1). What is the units digit of r*1/2*-8?
4
Suppose 4*k - 558 = -5*f, 69 + 62 = k - 3*f. What is the units digit of k?
7
Suppose n + 0 - 2 = 0. What is the tens digit of (-9)/n*(-40)/15?
1
Let b(s) = s**3 - 4*s**2 - 4*s - 1. Let j be b(5). Suppose -5*v + j*z = -67, 6*v - 41 = 2*v - z. What is the units digit of v?
1
Let w(y) = 51*y**2. What is the tens digit of w(1)?
5
Let s be 1/(0 - (-3 - -2)). Let n(t) = -t + s + 0*t - 2. What is the units digit of n(-8)?
7
Let t = 1 + 1. What is the units digit of t*-9*1/(-2)?
9
Let q(v) = 7*v**3 + 2*v**2 - 6*v - 1. Let u(c) = 13*c**3 + 3*c**2 - 12*c - 3. Let t(g) = 11*q(g) - 6*u(g). What is the units digit of t(5)?
2
Let c = -241 - -447. What is the tens digit of c?
0
Let g(c) = -12*c - 1. What is the tens digit of g(-2)?
2
Let l be 11/4 + (-3)/(-12). Suppose -4*m + 5*k = -8, -2*k = -l*m + 6*m - 6. What is the units digit of ((-4)/m)/(6/(-27))?
9
Let s = 2 - 3. What is the units digit of (s/2)/((-1)/16)?
8
Suppose 6 = -o - 3. Suppose 5*l = -4*y - 15, 8*y - 3*y + 9 = -3*l. Let v = y - o. What is the units digit of v?
9
Let o be (0/(-1 + 0))/(-2). Let j be -1*(2 - 6 - 1). Suppose 2*s - j*q = -0*s + 32, o = -s - 5*q - 14. What is the units digit of s?
6
Suppose 4*d + 8 = 3*d. Let b be (-2)/d + 222/8. Suppose -5*r - 5*u + b = -32, -r - 4*u + 18 = 0. What is the units digit of r?
0
What is the units digit of (8/6)/(24/900)?
0
Suppose -11*x + 7*x + 108 = 0. What is the tens digit of x?
2
Let o(x) = -3*x - 15. What is the units digit of o(-7)?
6
Suppose 2*z = 3*v - 11, 3*z - 53 = -4*v - 2*z. Let b(s) = s - 5. Let j be b(v). Suppose -p + j*t - 1 = -2*p, -4*p - 5*t + 13 = 0. What is the units digit of p?
7
Let m(h) = 2*h**2 + 11 - 7*h + 0*h**2 - 2 - 5. What is the tens digit of m(6)?
3
Let j(y) = -y + 1. Let a be j(1). Suppose a = -4*u - 4*d + 36, d - 2*d + 33 = 4*u. What is the units digit of u?
8
Suppose -u - 45 = 5*p - 5*u, p + 25 = 4*u. What is the tens digit of 3*(2/1 - p)?
2
Let v = 11 - 5. Suppose 0 = -v*i + 4 + 2. What is the units digit of i?
1
Let u(o) = -5*o - 5. Let g(r) = -9*r - 10. Let a(i) = 6*g(i) - 11*u(i). Let t be a(5). Suppose 4*k = -t*k + 4. What is the units digit of k?
1
Let i = -146 - -92. Let k = i - -93. What is the units digit of k?
9
Let j be ((-1)/(-2))/(2/24). Suppose -q + j*q = 30. Suppose 2*a + q = 24. What is the units digit of a?
9
Suppose 3*r = -0*r + 5*p + 247, -4*r = 3*p - 281. Suppose -2 = -u - 4*f, -5*u + 0*f + r = 4*f. What is